c - 84 = 0. Is 2/3 + 2130/y prime?
False
Let j(c) = 13*c**2 + 5*c - 3. Let n be 7/14 + 9/(-2). Is j(n) a prime number?
False
Let o(k) = -3353*k. Is o(-1) composite?
True
Suppose -5*v + 0*v = 55. Let w be (-2)/v - 8/44. Suppose -2*c - 4*i + 403 + 119 = w, -263 = -c - 4*i. Is c a prime number?
False
Let u = -182 - -571. Is 4/(-16) + u/4 a prime number?
True
Let m be (-10)/(-2) - (-2 + 3). Let h be (4 - m)*(1 - 0). Is -1 - (10 + h)*-8 prime?
True
Let w = -5 - -7. Let p be 186/4 - w/4. Let g = 93 - p. Is g a composite number?
False
Let c be (-1)/((-44)/40 + 1). Let g = c - -24. Is g prime?
False
Suppose 0 = m - 2*o - 545, o = -3*m - o + 1659. Is m composite?
True
Suppose 0 = -0*p - 5*p - 15, -4*w + 2*p = -42. Let g(x) = 7*x**2 + x - 13. Is g(w) composite?
False
Let z(f) = -2*f + 9. Let h be z(-8). Suppose 2*a - h - 19 = 3*q, 2*q - 54 = -2*a. Is a a composite number?
True
Suppose 2*l + 2 = -74. Let q = -19 - l. Is q a composite number?
False
Is -839*((-6)/(-12))/(2/(-4)) composite?
False
Suppose -4*l = 1 + 7. Let z(u) = 63*u**2 + u + 1. Is z(l) a composite number?
False
Suppose j - 8 = 3*d, 5*d - 16 = -4*j + d. Suppose -5*a + k = 42, j*k - 2*k = -9. Let x = 64 + a. Is x a prime number?
False
Let j = -1063 - -1808. Is j a prime number?
False
Suppose -6*q + 2*q = -5*d + 1535, -2*d + 614 = 5*q. Is d a prime number?
True
Let j(p) = 124*p - 3. Let d be j(5). Suppose -5*w + d = 87. Is (w/8)/(1/4) a composite number?
False
Suppose -2*q = -3*q + 413. Is q a prime number?
False
Let w be (170/(-17))/(1 + 0). Is (w/(-30))/((-2)/(-738)) a composite number?
True
Suppose -5*v + 12 = 27, -4*v = -z + 13. Is z/(-3)*(-62 + -1) a composite number?
True
Let d be 4/(-6) - 32/(-12). Let q(m) = 2*m**3 + 2*m**d - 5*m - 8*m**2 + 3 - 3*m**3. Is q(-5) prime?
True
Let j = -1058 + 317. Is (-2)/5 + j/(-15) composite?
True
Let k = -14 + 10. Is ((-670)/k)/(3/6) a prime number?
False
Let y(w) = -43*w**3 + w**2 + 2*w + 1. Let u(o) = 2*o - 15. Let q be u(7). Is y(q) composite?
False
Let d be (7/7)/((-1)/(-37)). Suppose 4*f = -3*h + 73, 4*h = 5*f + d + 19. Is h composite?
False
Let g(c) be the second derivative of c**4/12 + 7*c**3/6 + 7*c**2/2 - 3*c. Let l be g(-10). Suppose -x + d + l = 0, x - 37 = 2*d + 2. Is x a prime number?
False
Let l = -138 + 371. Is l a prime number?
True
Let n = -6 - -2. Let v be 2/9 + n/18. Is -1 - v - (-10)/1 composite?
True
Suppose 0 = 5*q - 5*p - 2700, -2*p = -4*q + q + 1618. Is q composite?
True
Suppose -2*c - 2*c = -20. Suppose -1 - 29 = -c*m. Suppose 4*x = 3*x + m. Is x prime?
False
Let d(g) = -g**3 - 5*g**2 + 12*g + 19. Is d(-9) a composite number?
True
Suppose -m + 6*m - 3945 = 0. Is 9/6 + m/6 a composite number?
True
Let z = 3492 - 1273. Is z composite?
True
Let a(c) be the first derivative of -7*c**2/2 - 4*c - 3. Let t(r) = -7*r - 4. Let n(o) = 3*a(o) - 2*t(o). Is n(-9) a prime number?
True
Suppose 10*u = 8*u + 102. Is u composite?
True
Let u(p) = 33*p - 5*p + 5*p + 11. Let j(s) = -16*s - 5. Let g(i) = 5*j(i) + 2*u(i). Is g(-5) a composite number?
False
Is 2/(366/91 - 4) composite?
True
Let n(a) = a**2 + a + 6. Let w be n(0). Let x = w + -4. Suppose -x = -2*h + 68. Is h prime?
False
Suppose -5*p = 3*k - p - 19, -k = 4*p - 9. Suppose m = 3*g + 43, k*m + 3*g = 46 + 115. Is m prime?
False
Let a be ((-4)/(-1) - 526) + 2. Let g = -257 - a. Is g composite?
False
Suppose 2*m - 12 = -2*m. Is 158/(m/(-3) + 3) composite?
False
Let l(j) = j + 1. Let m be l(4). Is ((-2776)/20)/((-2)/m) prime?
True
Suppose 0 = -4*o + 4*j + 4, 5*j + 12 = 3*o + 1. Let d(u) = -8*u. Let b be d(o). Is (b - (-6)/3)/2 a prime number?
True
Suppose -5*k + 4*w = w - 5749, 5*k - 4*w - 5747 = 0. Is k composite?
False
Suppose -112 + 22 = -2*f. Is ((-4)/2 + f)/1 a prime number?
True
Suppose 2*z = 5*c + 17, -2*c - 19 = -5*z + 13. Let j be 6/(-4)*z/(-3). Suppose -4*o = -5*m + 347, j*m + 5*o = 2*m + 52. Is m a composite number?
False
Let k be ((-6)/(-3))/((-4)/10). Let b = -1 - k. Suppose 19 = -y + 5*x, b = 4*y - 3*x - x. Is y composite?
True
Let l(n) = n**2 + 7*n - 2. Let f be l(-8). Suppose 545 = -h + f*h. Is h prime?
True
Let h be 0/((-4)/(8/(-6))). Let p(a) = a**2 - a + 25. Is p(h) a prime number?
False
Suppose 0 = -3*g + 789 + 10674. Is g a prime number?
True
Let h = -10 + 7. Let r = 20 - h. Is r prime?
True
Is (-1)/4 - (-1258)/8 prime?
True
Suppose -6*q + 4*q + y = -409, -3*q + 615 = -2*y. Is q a prime number?
False
Let g(r) = 4 - 5*r - 6 + 3. Is g(-4) composite?
True
Let a(k) be the first derivative of -9*k**3 - k - 4. Let i be a(-1). Is (-1003)/(-7) - (-8)/i prime?
False
Suppose -2*k + 2237 = -1253. Is k composite?
True
Let l(n) = n**3 + 6*n**2 + 4*n - 4. Let y be l(-5). Let x be 2 - (2 + -2 + y). Is ((-140)/(-12))/(x/3) a composite number?
True
Let y(c) = 125*c + 2. Is y(1) composite?
False
Is (-12)/(-18) - (-470)/6 a composite number?
False
Let j = 6 + -2. Suppose 0 = f + j - 2. Let y(x) = 4*x**2 + 2*x + 1. Is y(f) a composite number?
False
Let d be (-1)/(-2) + 3/2. Suppose 0 = -d*b + 78 - 0. Let i = 128 - b. Is i prime?
True
Suppose 0 = -3*x + 8640 - 1641. Is x a prime number?
True
Suppose -3*d = -d - 1252. Suppose -119 = -5*i + d. Is i a composite number?
False
Let i = -5145 + 7324. Is i prime?
True
Suppose -19 + 4 = -5*m, 4*l = 4*m + 16. Let h be 2305/l - (-2)/(-7). Suppose 5*y - v = h, -4*y - 2*v + 0*v = -252. Is y a prime number?
False
Suppose -2*r = k - 255, -3*k + 4*r = 8*r - 773. Is k a composite number?
False
Let x(q) = q**3 + 4*q**2 + 4*q + 3. Let r = -4 + 6. Suppose 0 = -u + 5*u - 2*g + 2, u - r*g = 4. Is x(u) a composite number?
False
Suppose 2*f - 7 = 71. Let h(c) = c**3 + 7*c**2 - c + 9. Let p be h(-7). Let r = f + p. Is r a composite number?
True
Let a(l) be the second derivative of l**3/6 - l**2 + 2*l. Let y be a(5). Suppose -133 = -4*q - y*i, -170 = -5*q - 5*i + 2*i. Is q a prime number?
True
Suppose 2*l = -2*r + 320, r + r - 2*l = 324. Is r composite?
True
Suppose 0 = 5*s - 4*s - 10. Let y be ((-4)/(-6))/(s/2325). Is 2*y*4/8 prime?
False
Let z(j) = -3*j + 2. Let s be z(-5). Suppose -3*k + 11 = -2*a, -a = -5*a + 4*k - 20. Is s/4 - (-1)/a composite?
True
Let h(m) = 4*m**2 - 4*m + 4. Let o be h(3). Let l = o - -59. Is l a composite number?
True
Let d = -3 - -3. Suppose 2*b - 51 + 5 = d. Is b a prime number?
True
Let j(p) = p**3 + 7*p**2 - 6*p - 8. Let t be j(-7). Let q = t + -15. Is q composite?
False
Let f(t) = t**3 - 8*t**2 + 6*t + 10. Let l be f(7). Let c = -1 - 1. Is (-83)/(c + -2 + l) composite?
False
Is 3546/5 + 4/(-20) a composite number?
False
Let c(p) = -20*p + 5. Let h be (15/10)/((-1)/6). Let t be c(h). Suppose -6*d = -d - t. Is d a composite number?
False
Suppose 0 = -6*i + 3*i + 6. Let b(k) = -k - 4. Let r be b(-6). Suppose -105 = -r*p + 2*c + 3*c, -i*p - 4*c = -114. Is p a composite number?
True
Let f(d) = -52*d**2 - d + 4. Let u(w) = -156*w**2 - 3*w + 11. Let i(x) = 11*f(x) - 4*u(x). Is i(-1) a prime number?
False
Suppose 1 = -4*x - 3. Is 2/2*-1049*x a composite number?
False
Let n be -3 - -50 - (3 - 2). Is -1 + 1 + 1 + n prime?
True
Let t(p) be the third derivative of 0 + 3/10*p**5 - 1/24*p**4 + 0*p - 1/3*p**3 - p**2. Is t(3) composite?
False
Let l(o) = -42*o + 1. Is l(-1) composite?
False
Let o = 0 + -6. Let u = 59 - o. Is u prime?
False
Let z = -5 - -11. Suppose -2*o = -z*o + 12. Suppose o*t - 28 = t. Is t a composite number?
True
Let d = -57 + -35. Let i = d + 253. Is i a prime number?
False
Let z(d) = -d**3 + 10*d**2 + 5*d + 7. Is z(10) a composite number?
True
Suppose 0 = -5*o - t - 3*t - 12, 0 = 4*o - 3*t - 9. Suppose -3*c + 178 - 61 = o. Is c a prime number?
False
Is (-16772)/(-10) - (-76)/95 a composite number?
True
Let g = -60 - -86. Suppose 0 = -3*o - 5*l + 75 + g, l - 146 = -4*o. Is o composite?
False
Suppose -2*w - j = -403, 0 = -4*w + 4*j - 5*j + 801. Is w a prime number?
True
Let s(d) be the second derivative of 5*d**3/3 + 9*d**2/2 - d. Let m be 2/(-6) + 22/3. Is s(m) composite?
False
Let p = -865 + 2886. Is p prime?
False
Is (12 - 11) + (-584)/(-2) composite?
False
Let y(d) = -d - 1. Let b be y(6). Let j(p) = 8*p**2 + 4*p + 6. Let v be j(-2). Let r = v - b. Is r composite?
False
Suppose 0 = 4*o + o - 185. Is o a prime number?
True
Suppose -2*t + 1949 = u, -4*u - 1974 = -4*t + 2*t. Is t composite?
False
Suppose -10 = -2*q, 4*p + 2*q -